{"id":230,"date":"2025-01-30T18:10:52","date_gmt":"2025-01-30T18:10:52","guid":{"rendered":"https:\/\/www.sepyn.com.ar\/public_html\/?page_id=230"},"modified":"2025-01-30T18:10:52","modified_gmt":"2025-01-30T18:10:52","slug":"centro-quirurgico-debaja-media-y-alta-complejidad","status":"publish","type":"page","link":"https:\/\/www.sepyn.com.ar\/public_html\/centro-quirurgico-debaja-media-y-alta-complejidad\/","title":{"rendered":"CENTRO QUIR\u00daRGICO DEBAJA, MEDIA Y ALTA COMPLEJIDAD"},"content":{"rendered":"\n<ul>\n<li>Cirug\u00eda Ambulatoria y r\u00e1pida rotaci\u00f3n<\/li>\n\n\n\n<li>Cirug\u00eda Oftalmol\u00f3gica<\/li>\n\n\n\n<li>Cirug\u00eda Traumatol\u00f3gica<\/li>\n\n\n\n<li>Cirug\u00eda Gastroenterol\u00f3gica<\/li>\n\n\n\n<li>Cirug\u00eda Urol\u00f3gica<\/li>\n\n\n\n<li>Cirug\u00eda Otorrinolaringol\u00f3gica<\/li>\n\n\n\n<li>Cirug\u00eda de Cabeza y Cuello<\/li>\n\n\n\n<li>Cirug\u00eda Tor\u00e1cica<\/li>\n\n\n\n<li>Cirug\u00eda Mininvasiva<\/li>\n\n\n\n<li>Cirug\u00eda Video Asistida<\/li>\n\n\n\n<li>Cirug\u00eda Artrosc\u00f3pica<\/li>\n\n\n\n<li>Cirug\u00eda Pl\u00e1stica reconstructiva<\/li>\n\n\n\n<li>Cirug\u00eda Endosc\u00f3pica<\/li>\n\n\n\n<li>Neurocirug\u00eda<\/li>\n\n\n\n<li>Cirug\u00eda de plexo braquial<\/li>\n\n\n\n<li>Cirug\u00eda de deformidades del eje de la columna vertebral<\/li>\n\n\n\n<li>Cirug\u00eda Cardiovascular y Vascular Perisf\u00e9rica<\/li>\n\n\n\n<li>Implante Coclear<\/li>\n\n\n\n<li>Cirug\u00eda especializada del o\u00eddo<\/li>\n<\/ul>\n","protected":false},"excerpt":{"rendered":"","protected":false},"author":1,"featured_media":0,"parent":0,"menu_order":0,"comment_status":"closed","ping_status":"closed","template":"","meta":{"footnotes":""},"_links":{"self":[{"href":"https:\/\/www.sepyn.com.ar\/public_html\/wp-json\/wp\/v2\/pages\/230"}],"collection":[{"href":"https:\/\/www.sepyn.com.ar\/public_html\/wp-json\/wp\/v2\/pages"}],"about":[{"href":"https:\/\/www.sepyn.com.ar\/public_html\/wp-json\/wp\/v2\/types\/page"}],"author":[{"embeddable":true,"href":"https:\/\/www.sepyn.com.ar\/public_html\/wp-json\/wp\/v2\/users\/1"}],"replies":[{"embeddable":true,"href":"https:\/\/www.sepyn.com.ar\/public_html\/wp-json\/wp\/v2\/comments?post=230"}],"version-history":[{"count":1,"href":"https:\/\/www.sepyn.com.ar\/public_html\/wp-json\/wp\/v2\/pages\/230\/revisions"}],"predecessor-version":[{"id":231,"href":"https:\/\/www.sepyn.com.ar\/public_html\/wp-json\/wp\/v2\/pages\/230\/revisions\/231"}],"wp:attachment":[{"href":"https:\/\/www.sepyn.com.ar\/public_html\/wp-json\/wp\/v2\/media?parent=230"}],"curies":[{"name":"wp","href":"https:\/\/api.w.org\/{rel}","templated":true}]}}