{"id":228,"date":"2025-01-30T18:08:50","date_gmt":"2025-01-30T18:08:50","guid":{"rendered":"https:\/\/www.sepyn.com.ar\/public_html\/?page_id=228"},"modified":"2025-01-30T18:08:50","modified_gmt":"2025-01-30T18:08:50","slug":"servicios-complementarios","status":"publish","type":"page","link":"https:\/\/www.sepyn.com.ar\/public_html\/servicios-complementarios\/","title":{"rendered":"SERVICIOS COMPLEMENTARIOS"},"content":{"rendered":"\n<h4 class=\"wp-block-heading\">Servicio de Kinesiolog\u00eda motora y respiratoria especializada <\/h4>\n\n\n\n<h4 class=\"wp-block-heading\">Fonoaudiolog\u00eda<\/h4>\n\n\n\n<h4 class=\"wp-block-heading\">Equipo de contenci\u00f3n emocional durante la internaci\u00f3n<\/h4>\n\n\n\n<blockquote class=\"wp-block-quote is-layout-flow wp-block-quote-is-layout-flow\">\n<ul>\n<li>Especialista en Salud Mental<\/li>\n\n\n\n<li>Visitas de superh\u00e9roes<\/li>\n\n\n\n<li>Visitas asistidas con perros<\/li>\n<\/ul>\n<\/blockquote>\n","protected":false},"excerpt":{"rendered":"<p>Servicio de Kinesiolog\u00eda motora y respiratoria especializada Fonoaudiolog\u00eda Equipo de contenci\u00f3n emocional durante la internaci\u00f3n<\/p>\n","protected":false},"author":1,"featured_media":0,"parent":0,"menu_order":0,"comment_status":"closed","ping_status":"closed","template":"","meta":{"footnotes":""},"_links":{"self":[{"href":"https:\/\/www.sepyn.com.ar\/public_html\/wp-json\/wp\/v2\/pages\/228"}],"collection":[{"href":"https:\/\/www.sepyn.com.ar\/public_html\/wp-json\/wp\/v2\/pages"}],"about":[{"href":"https:\/\/www.sepyn.com.ar\/public_html\/wp-json\/wp\/v2\/types\/page"}],"author":[{"embeddable":true,"href":"https:\/\/www.sepyn.com.ar\/public_html\/wp-json\/wp\/v2\/users\/1"}],"replies":[{"embeddable":true,"href":"https:\/\/www.sepyn.com.ar\/public_html\/wp-json\/wp\/v2\/comments?post=228"}],"version-history":[{"count":1,"href":"https:\/\/www.sepyn.com.ar\/public_html\/wp-json\/wp\/v2\/pages\/228\/revisions"}],"predecessor-version":[{"id":229,"href":"https:\/\/www.sepyn.com.ar\/public_html\/wp-json\/wp\/v2\/pages\/228\/revisions\/229"}],"wp:attachment":[{"href":"https:\/\/www.sepyn.com.ar\/public_html\/wp-json\/wp\/v2\/media?parent=228"}],"curies":[{"name":"wp","href":"https:\/\/api.w.org\/{rel}","templated":true}]}}