{"id":226,"date":"2025-01-30T18:05:34","date_gmt":"2025-01-30T18:05:34","guid":{"rendered":"https:\/\/www.sepyn.com.ar\/public_html\/?page_id=226"},"modified":"2025-01-30T18:05:35","modified_gmt":"2025-01-30T18:05:35","slug":"internacion-de-alta-complejidad","status":"publish","type":"page","link":"https:\/\/www.sepyn.com.ar\/public_html\/internacion-de-alta-complejidad\/","title":{"rendered":"INTERNACI\u00d3N DE ALTA COMPLEJIDAD"},"content":{"rendered":"\n<h3 class=\"wp-block-heading\">UNIDAD DE ONCOHEMATOLOG\u00cdA Y HEMATOLOG\u00cdA<br><strong><em>Ennfocada en el diagn\u00f3stico, tratamiento y manejo integral de pacientes con enfermedades hematol\u00f3gicas malignas y no malignas.<\/em><\/strong><\/h3>\n\n\n\n<ul>\n<li>Realizar diagn\u00f3sticos precisos y oportunos<\/li>\n\n\n\n<li>Desarrollar planes de tratamiento individualizados<\/li>\n\n\n\n<li>Ofrecer apoyo emocional y psicol\u00f3gico a pacientes y familiares<\/li>\n<\/ul>\n\n\n\n<h3 class=\"wp-block-heading\"><strong>UNIDAD DE TERAPIA INTENSIVA PEDI\u00c1TRICA<\/strong><\/h3>\n\n\n\n<ul>\n<li>Proporcionar atenci\u00f3n m\u00e9dica especializada y de alta complejidad<\/li>\n\n\n\n<li>Estabilizar y tratar condiciones cr\u00edticas<\/li>\n\n\n\n<li>Apoyar la recuperaci\u00f3n y rehabilitaci\u00f3n<\/li>\n<\/ul>\n\n\n\n<h3 class=\"wp-block-heading\"><strong>UNIDAD DE CUIDADOS INTENSIVOS PROGRESIVOS<\/strong><\/h3>\n\n\n\n<ul>\n<li>Atenci\u00f3n personalizada<\/li>\n\n\n\n<li>Equipo multidisciplinario<\/li>\n\n\n\n<li>Monitoreo continuo<\/li>\n\n\n\n<li>Terapias avanzadas para recuperaci\u00f3n y rehabilitaci\u00f3n<\/li>\n<\/ul>\n","protected":false},"excerpt":{"rendered":"<p>UNIDAD DE ONCOHEMATOLOG\u00cdA Y HEMATOLOG\u00cdAEnnfocada en el diagn\u00f3stico, tratamiento y manejo integral de pacientes con enfermedades hematol\u00f3gicas malignas y no malignas. UNIDAD DE TERAPIA INTENSIVA PEDI\u00c1TRICA UNIDAD DE CUIDADOS INTENSIVOS PROGRESIVOS<\/p>\n","protected":false},"author":1,"featured_media":0,"parent":0,"menu_order":0,"comment_status":"closed","ping_status":"closed","template":"","meta":{"footnotes":""},"_links":{"self":[{"href":"https:\/\/www.sepyn.com.ar\/public_html\/wp-json\/wp\/v2\/pages\/226"}],"collection":[{"href":"https:\/\/www.sepyn.com.ar\/public_html\/wp-json\/wp\/v2\/pages"}],"about":[{"href":"https:\/\/www.sepyn.com.ar\/public_html\/wp-json\/wp\/v2\/types\/page"}],"author":[{"embeddable":true,"href":"https:\/\/www.sepyn.com.ar\/public_html\/wp-json\/wp\/v2\/users\/1"}],"replies":[{"embeddable":true,"href":"https:\/\/www.sepyn.com.ar\/public_html\/wp-json\/wp\/v2\/comments?post=226"}],"version-history":[{"count":1,"href":"https:\/\/www.sepyn.com.ar\/public_html\/wp-json\/wp\/v2\/pages\/226\/revisions"}],"predecessor-version":[{"id":227,"href":"https:\/\/www.sepyn.com.ar\/public_html\/wp-json\/wp\/v2\/pages\/226\/revisions\/227"}],"wp:attachment":[{"href":"https:\/\/www.sepyn.com.ar\/public_html\/wp-json\/wp\/v2\/media?parent=226"}],"curies":[{"name":"wp","href":"https:\/\/api.w.org\/{rel}","templated":true}]}}