{"id":184,"date":"2025-01-30T17:50:02","date_gmt":"2025-01-30T17:50:02","guid":{"rendered":"https:\/\/www.sepyn.com.ar\/public_html\/?page_id=184"},"modified":"2026-01-19T19:17:28","modified_gmt":"2026-01-19T19:17:28","slug":"infraestructura","status":"publish","type":"page","link":"https:\/\/www.sepyn.com.ar\/public_html\/infraestructura\/","title":{"rendered":"INFRAESTRUCTURA"},"content":{"rendered":"\n<p>Para dar soluci\u00f3n a las necesidades existentes en el \u00e1rea de la medicina infanto-juvenil, hemos nucleado un equipo profesional de reconocida trayectoria en cada una de sus especialidades, con todos los recursos humanos y t\u00e9cnicos necesarios para brindar prestaciones m\u00e9dicas y complementarias de baja, mediana y alta complejidad.<\/p>\n\n\n\n<p>Nos encontramos dentro del Policl\u00ednico del Docente ubicado en la calle Lavalle 1974 -CABA-<\/p>\n\n\n\n<p>CENTRO DE INTERNACI\u00d3N PEDI\u00c1TRICA<\/p>\n\n\n\n<p>ESPECIALIDADES M\u00c9DICAS<\/p>\n\n\n\n<p><a href=\"https:\/\/www.sepyn.com.ar\/public_html\/docencia\/\" data-type=\"page\" data-id=\"34\">DOCENCIA E INVESTIGACI\u00d3N<\/a><\/p>\n\n\n\n<figure class=\"wp-block-gallery has-nested-images columns-default is-cropped wp-block-gallery-1 is-layout-flex wp-block-gallery-is-layout-flex\">\n<figure class=\"wp-block-image size-large\"><img loading=\"lazy\" decoding=\"async\" width=\"1753\" height=\"1315\" data-id=\"203\" src=\"https:\/\/www.sepyn.com.ar\/public_html\/wp-content\/uploads\/2025\/01\/IMG_1891.jpg\" alt=\"\" class=\"wp-image-203\"\/><figcaption class=\"wp-element-caption\">Entrada Policl\u00ednico del Docente<\/figcaption><\/figure>\n\n\n\n<figure class=\"wp-block-image size-large\"><img loading=\"lazy\" decoding=\"async\" width=\"1536\" height=\"2048\" data-id=\"216\" src=\"https:\/\/www.sepyn.com.ar\/public_html\/wp-content\/uploads\/2025\/01\/IMG_0170.jpeg\" alt=\"\" class=\"wp-image-216\"\/><figcaption class=\"wp-element-caption\">La guardia Pedi\u00e1trica se encuentra ingresando a la izquierda, planta baja<\/figcaption><\/figure>\n\n\n\n<figure class=\"wp-block-image size-large\"><img loading=\"lazy\" decoding=\"async\" width=\"1536\" height=\"2048\" data-id=\"209\" src=\"https:\/\/www.sepyn.com.ar\/public_html\/wp-content\/uploads\/2025\/01\/IMG_0167.jpeg\" alt=\"\" class=\"wp-image-209\"\/><figcaption class=\"wp-element-caption\">Admisi\u00f3n <\/figcaption><\/figure>\n\n\n\n<figure class=\"wp-block-image size-large\"><img loading=\"lazy\" decoding=\"async\" width=\"938\" height=\"1532\" data-id=\"185\" src=\"https:\/\/www.sepyn.com.ar\/public_html\/wp-content\/uploads\/2025\/01\/b6ab98a6-1230-4ae6-a925-bc50f90729d5.jpeg\" alt=\"\" class=\"wp-image-185\"\/><figcaption class=\"wp-element-caption\">Consultorio de Guardia Pedi\u00e1trica<\/figcaption><\/figure>\n\n\n\n<figure class=\"wp-block-image size-large\"><img loading=\"lazy\" decoding=\"async\" width=\"1450\" height=\"1933\" data-id=\"192\" src=\"https:\/\/www.sepyn.com.ar\/public_html\/wp-content\/uploads\/2025\/01\/IMG_1900.jpg\" alt=\"\" class=\"wp-image-192\"\/><figcaption class=\"wp-element-caption\">En el primer piso se encuentra la Unidad de terapia intensiva y la Unidad de cuidados Progresivos Pedi\u00e1tricos<\/figcaption><\/figure>\n\n\n\n<figure class=\"wp-block-image size-large\"><img loading=\"lazy\" decoding=\"async\" width=\"2048\" height=\"1536\" data-id=\"218\" src=\"https:\/\/www.sepyn.com.ar\/public_html\/wp-content\/uploads\/2025\/01\/IMG_0148.jpeg\" alt=\"\" class=\"wp-image-218\"\/><figcaption class=\"wp-element-caption\">Unidad de terapia intensiva Pedi\u00e1trica<\/figcaption><\/figure>\n\n\n\n<figure class=\"wp-block-image size-large\"><img loading=\"lazy\" decoding=\"async\" width=\"1540\" height=\"2040\" data-id=\"213\" src=\"https:\/\/www.sepyn.com.ar\/public_html\/wp-content\/uploads\/2025\/01\/IMG_0151.jpeg\" alt=\"\" class=\"wp-image-213\"\/><figcaption class=\"wp-element-caption\">Unidad de terapia intensiva Pedi\u00e1trica<\/figcaption><\/figure>\n\n\n\n<figure class=\"wp-block-image size-full\"><img loading=\"lazy\" decoding=\"async\" width=\"1536\" height=\"1558\" data-id=\"219\" src=\"https:\/\/www.sepyn.com.ar\/public_html\/wp-content\/uploads\/2025\/01\/image.jpeg\" alt=\"La imagen tiene un atributo ALT vac\u00edo; su nombre de archivo es IMG_1904.jpg\" class=\"wp-image-219\"\/><figcaption class=\"wp-element-caption\">Unidad de terapia intensiva Pedi\u00e1trica<\/figcaption><\/figure>\n\n\n\n<figure class=\"wp-block-image size-large\"><img loading=\"lazy\" decoding=\"async\" width=\"1536\" height=\"2048\" data-id=\"206\" src=\"https:\/\/www.sepyn.com.ar\/public_html\/wp-content\/uploads\/2025\/01\/IMG_0987.jpeg\" alt=\"\" class=\"wp-image-206\"\/><figcaption class=\"wp-element-caption\">Cuidados Progresivos Pedi\u00e1tricos<\/figcaption><\/figure>\n\n\n\n<figure class=\"wp-block-image size-large\"><img loading=\"lazy\" decoding=\"async\" width=\"2048\" height=\"1536\" data-id=\"205\" src=\"https:\/\/www.sepyn.com.ar\/public_html\/wp-content\/uploads\/2025\/01\/IMG_0109.jpeg\" alt=\"\" class=\"wp-image-205\"\/><figcaption class=\"wp-element-caption\">En el 2do piso se encuentra la sala de internaci\u00f3n pedi\u00e1trica<\/figcaption><\/figure>\n\n\n\n<figure class=\"wp-block-image size-large\"><img loading=\"lazy\" decoding=\"async\" width=\"1536\" height=\"2048\" data-id=\"201\" src=\"https:\/\/www.sepyn.com.ar\/public_html\/wp-content\/uploads\/2025\/01\/IMG_0112.jpeg\" alt=\"\" class=\"wp-image-201\"\/><figcaption class=\"wp-element-caption\">Enfermer\u00eca y corredor <\/figcaption><\/figure>\n\n\n\n<figure class=\"wp-block-image size-large\"><img loading=\"lazy\" decoding=\"async\" width=\"1536\" height=\"2048\" data-id=\"214\" src=\"https:\/\/www.sepyn.com.ar\/public_html\/wp-content\/uploads\/2025\/01\/IMG_0113.jpeg\" alt=\"\" class=\"wp-image-214\"\/><figcaption class=\"wp-element-caption\">Pasillo Corredor Frente<\/figcaption><\/figure>\n\n\n\n<figure class=\"wp-block-image size-large\"><img loading=\"lazy\" decoding=\"async\" width=\"2048\" height=\"1536\" data-id=\"215\" src=\"https:\/\/www.sepyn.com.ar\/public_html\/wp-content\/uploads\/2025\/01\/IMG_0122.jpeg\" alt=\"\" class=\"wp-image-215\"\/><figcaption class=\"wp-element-caption\">Pasillo Corredor Contrafrente<\/figcaption><\/figure>\n\n\n\n<figure class=\"wp-block-image size-large\"><img loading=\"lazy\" decoding=\"async\" width=\"1536\" height=\"2048\" data-id=\"189\" src=\"https:\/\/www.sepyn.com.ar\/public_html\/wp-content\/uploads\/2025\/01\/IMG_1922.jpg\" alt=\"\" class=\"wp-image-189\"\/><figcaption class=\"wp-element-caption\">Hospital de D\u00eda<\/figcaption><\/figure>\n\n\n\n<figure class=\"wp-block-image size-large\"><img loading=\"lazy\" decoding=\"async\" width=\"2000\" height=\"1500\" data-id=\"186\" src=\"https:\/\/www.sepyn.com.ar\/public_html\/wp-content\/uploads\/2025\/01\/IMG_1917.jpg\" alt=\"\" class=\"wp-image-186\"\/><figcaption class=\"wp-element-caption\">Hospital de D\u00eda<\/figcaption><\/figure>\n\n\n\n<figure class=\"wp-block-image size-large\"><img loading=\"lazy\" decoding=\"async\" width=\"2048\" height=\"1536\" data-id=\"208\" src=\"https:\/\/www.sepyn.com.ar\/public_html\/wp-content\/uploads\/2025\/01\/IMG_0139.jpeg\" alt=\"\" class=\"wp-image-208\"\/><figcaption class=\"wp-element-caption\">Habitaci\u00f3n en Sala pedi\u00e1trica<\/figcaption><\/figure>\n<\/figure>\n","protected":false},"excerpt":{"rendered":"<p>Para dar soluci\u00f3n a las necesidades existentes en el \u00e1rea de la medicina infanto-juvenil, hemos nucleado un equipo profesional de reconocida trayectoria en cada una de sus especialidades, con todos los recursos humanos y t\u00e9cnicos necesarios para brindar prestaciones m\u00e9dicas y complementarias de baja, mediana y alta complejidad. Nos encontramos dentro del Policl\u00ednico del Docente [&hellip;]<\/p>\n","protected":false},"author":1,"featured_media":0,"parent":0,"menu_order":0,"comment_status":"closed","ping_status":"closed","template":"","meta":{"footnotes":""},"_links":{"self":[{"href":"https:\/\/www.sepyn.com.ar\/public_html\/wp-json\/wp\/v2\/pages\/184"}],"collection":[{"href":"https:\/\/www.sepyn.com.ar\/public_html\/wp-json\/wp\/v2\/pages"}],"about":[{"href":"https:\/\/www.sepyn.com.ar\/public_html\/wp-json\/wp\/v2\/types\/page"}],"author":[{"embeddable":true,"href":"https:\/\/www.sepyn.com.ar\/public_html\/wp-json\/wp\/v2\/users\/1"}],"replies":[{"embeddable":true,"href":"https:\/\/www.sepyn.com.ar\/public_html\/wp-json\/wp\/v2\/comments?post=184"}],"version-history":[{"count":4,"href":"https:\/\/www.sepyn.com.ar\/public_html\/wp-json\/wp\/v2\/pages\/184\/revisions"}],"predecessor-version":[{"id":453,"href":"https:\/\/www.sepyn.com.ar\/public_html\/wp-json\/wp\/v2\/pages\/184\/revisions\/453"}],"wp:attachment":[{"href":"https:\/\/www.sepyn.com.ar\/public_html\/wp-json\/wp\/v2\/media?parent=184"}],"curies":[{"name":"wp","href":"https:\/\/api.w.org\/{rel}","templated":true}]}}

<p>Para dar solución a las necesidades existentes en el área de la medicina infanto-juvenil, hemos nucleado un equipo profesional de reconocida trayectoria en cada una de sus especialidades, con todos los recursos humanos y técnicos necesarios para brindar prestaciones médicas y complementarias de baja, mediana y alta complejidad.</p>



<p>Nos encontramos dentro del Policlínico del Docente ubicado en la calle Lavalle 1974 -CABA-</p>



<p>CENTRO DE INTERNACIÓN PEDIÁTRICA</p>



<p>ESPECIALIDADES MÉDICAS</p>



<p><a href="https://www.sepyn.com.ar/public_html/docencia/" data-type="page" data-id="34">DOCENCIA E INVESTIGACIÓN</a></p>



<figure class="wp-block-gallery has-nested-images columns-default is-cropped wp-block-gallery-1 is-layout-flex wp-block-gallery-is-layout-flex">
<figure class="wp-block-image size-large"><img loading="lazy" decoding="async" width="1753" height="1315" data-id="203" src="https://www.sepyn.com.ar/public_html/wp-content/uploads/2025/01/IMG_1891.jpg" alt="" class="wp-image-203"/><figcaption class="wp-element-caption">Entrada Policlínico del Docente</figcaption></figure>



<figure class="wp-block-image size-large"><img loading="lazy" decoding="async" width="1536" height="2048" data-id="216" src="https://www.sepyn.com.ar/public_html/wp-content/uploads/2025/01/IMG_0170.jpeg" alt="" class="wp-image-216"/><figcaption class="wp-element-caption">La guardia Pediátrica se encuentra ingresando a la izquierda, planta baja</figcaption></figure>



<figure class="wp-block-image size-large"><img loading="lazy" decoding="async" width="1536" height="2048" data-id="209" src="https://www.sepyn.com.ar/public_html/wp-content/uploads/2025/01/IMG_0167.jpeg" alt="" class="wp-image-209"/><figcaption class="wp-element-caption">Admisión </figcaption></figure>



<figure class="wp-block-image size-large"><img loading="lazy" decoding="async" width="938" height="1532" data-id="185" src="https://www.sepyn.com.ar/public_html/wp-content/uploads/2025/01/b6ab98a6-1230-4ae6-a925-bc50f90729d5.jpeg" alt="" class="wp-image-185"/><figcaption class="wp-element-caption">Consultorio de Guardia Pediátrica</figcaption></figure>



<figure class="wp-block-image size-large"><img loading="lazy" decoding="async" width="1450" height="1933" data-id="192" src="https://www.sepyn.com.ar/public_html/wp-content/uploads/2025/01/IMG_1900.jpg" alt="" class="wp-image-192"/><figcaption class="wp-element-caption">En el primer piso se encuentra la Unidad de terapia intensiva y la Unidad de cuidados Progresivos Pediátricos</figcaption></figure>



<figure class="wp-block-image size-large"><img loading="lazy" decoding="async" width="2048" height="1536" data-id="218" src="https://www.sepyn.com.ar/public_html/wp-content/uploads/2025/01/IMG_0148.jpeg" alt="" class="wp-image-218"/><figcaption class="wp-element-caption">Unidad de terapia intensiva Pediátrica</figcaption></figure>



<figure class="wp-block-image size-large"><img loading="lazy" decoding="async" width="1540" height="2040" data-id="213" src="https://www.sepyn.com.ar/public_html/wp-content/uploads/2025/01/IMG_0151.jpeg" alt="" class="wp-image-213"/><figcaption class="wp-element-caption">Unidad de terapia intensiva Pediátrica</figcaption></figure>



<figure class="wp-block-image size-full"><img loading="lazy" decoding="async" width="1536" height="1558" data-id="219" src="https://www.sepyn.com.ar/public_html/wp-content/uploads/2025/01/image.jpeg" alt="La imagen tiene un atributo ALT vacío; su nombre de archivo es IMG_1904.jpg" class="wp-image-219"/><figcaption class="wp-element-caption">Unidad de terapia intensiva Pediátrica</figcaption></figure>



<figure class="wp-block-image size-large"><img loading="lazy" decoding="async" width="1536" height="2048" data-id="206" src="https://www.sepyn.com.ar/public_html/wp-content/uploads/2025/01/IMG_0987.jpeg" alt="" class="wp-image-206"/><figcaption class="wp-element-caption">Cuidados Progresivos Pediátricos</figcaption></figure>



<figure class="wp-block-image size-large"><img loading="lazy" decoding="async" width="2048" height="1536" data-id="205" src="https://www.sepyn.com.ar/public_html/wp-content/uploads/2025/01/IMG_0109.jpeg" alt="" class="wp-image-205"/><figcaption class="wp-element-caption">En el 2do piso se encuentra la sala de internación pediátrica</figcaption></figure>



<figure class="wp-block-image size-large"><img loading="lazy" decoding="async" width="1536" height="2048" data-id="201" src="https://www.sepyn.com.ar/public_html/wp-content/uploads/2025/01/IMG_0112.jpeg" alt="" class="wp-image-201"/><figcaption class="wp-element-caption">Enfermerìa y corredor </figcaption></figure>



<figure class="wp-block-image size-large"><img loading="lazy" decoding="async" width="1536" height="2048" data-id="214" src="https://www.sepyn.com.ar/public_html/wp-content/uploads/2025/01/IMG_0113.jpeg" alt="" class="wp-image-214"/><figcaption class="wp-element-caption">Pasillo Corredor Frente</figcaption></figure>



<figure class="wp-block-image size-large"><img loading="lazy" decoding="async" width="2048" height="1536" data-id="215" src="https://www.sepyn.com.ar/public_html/wp-content/uploads/2025/01/IMG_0122.jpeg" alt="" class="wp-image-215"/><figcaption class="wp-element-caption">Pasillo Corredor Contrafrente</figcaption></figure>



<figure class="wp-block-image size-large"><img loading="lazy" decoding="async" width="1536" height="2048" data-id="189" src="https://www.sepyn.com.ar/public_html/wp-content/uploads/2025/01/IMG_1922.jpg" alt="" class="wp-image-189"/><figcaption class="wp-element-caption">Hospital de Día</figcaption></figure>



<figure class="wp-block-image size-large"><img loading="lazy" decoding="async" width="2000" height="1500" data-id="186" src="https://www.sepyn.com.ar/public_html/wp-content/uploads/2025/01/IMG_1917.jpg" alt="" class="wp-image-186"/><figcaption class="wp-element-caption">Hospital de Día</figcaption></figure>



<figure class="wp-block-image size-large"><img loading="lazy" decoding="async" width="2048" height="1536" data-id="208" src="https://www.sepyn.com.ar/public_html/wp-content/uploads/2025/01/IMG_0139.jpeg" alt="" class="wp-image-208"/><figcaption class="wp-element-caption">Habitación en Sala pediátrica</figcaption></figure>
</figure>

<p>Para dar solución a las necesidades existentes en el área de la medicina infanto-juvenil, hemos nucleado un equipo profesional de reconocida trayectoria en cada una de sus especialidades, con todos los recursos humanos y técnicos necesarios para brindar prestaciones médicas y complementarias de baja, mediana y alta complejidad. Nos encontramos dentro del Policlínico del Docente [&hellip;]</p>
