{"id":163,"date":"2025-01-29T15:48:12","date_gmt":"2025-01-29T15:48:12","guid":{"rendered":"https:\/\/www.sepyn.com.ar\/public_html\/?page_id=163"},"modified":"2025-11-20T16:16:22","modified_gmt":"2025-11-20T16:16:22","slug":"derechos-y-obligaciones-del-paciente","status":"publish","type":"page","link":"https:\/\/www.sepyn.com.ar\/public_html\/derechos-y-obligaciones-del-paciente\/","title":{"rendered":"DERECHOS Y OBLIGACIONES DEL PACIENTE"},"content":{"rendered":"\n<figure class=\"wp-block-embed is-type-video is-provider-youtube wp-block-embed-youtube wp-embed-aspect-16-9 wp-has-aspect-ratio\"><div class=\"wp-block-embed__wrapper\">\n<iframe loading=\"lazy\" title=\"Derechos y Deberes de los pacientes\" width=\"500\" height=\"281\" src=\"https:\/\/www.youtube.com\/embed\/Zh1uUo7XkHQ?feature=oembed\" frameborder=\"0\" allow=\"accelerometer; autoplay; clipboard-write; encrypted-media; gyroscope; picture-in-picture; web-share\" referrerpolicy=\"strict-origin-when-cross-origin\" allowfullscreen><\/iframe>\n<\/div><\/figure>\n\n\n\n<p><\/p>\n\n\n\n<h4 class=\"wp-block-heading\"><strong>DERECHOS DEL PACIENTE <\/strong><\/h4>\n\n\n\n<p>Derechos del paciente: Constituyen derechos esenciales en la relaci\u00f3n entre el paciente y el o los profesionales de la salud, el o los agentes del seguro de salud, y cualquier efector de que se trate, los siguientes:<\/p>\n\n\n\n<p>a) Asistencia. El paciente, prioritariamente los ni\u00f1os, ni\u00f1as y adolescentes, tiene derecho a ser asistido por los profesionales de la salud, sin menoscabo y distinci\u00f3n alguna, producto de sus ideas, creencias religiosas, pol\u00edticas, condici\u00f3n socioecon\u00f3mica, raza, sexo, orientaci\u00f3n sexual o cualquier otra condici\u00f3n. El profesional actuante s\u00f3lo podr\u00e1 eximirse del deber de asistencia, cuando se hubiere hecho cargo efectivamente del paciente otro profesional competente;<\/p>\n\n\n\n<p>b) Trato digno y respetuoso. El paciente tiene el derecho a que los agentes del sistema de salud intervinientes, le otorguen un trato digno, con respeto a sus convicciones personales y morales, principalmente las relacionadas con sus condiciones socioculturales, de g\u00e9nero, de pudor y a su intimidad, cualquiera sea el padecimiento que presente, y se haga extensivo a los familiares o acompa\u00f1antes;<\/p>\n\n\n\n<p>c) Intimidad. Toda actividad m\u00e9dico &#8211; asistencial tendiente a obtener, clasificar, utilizar, administrar, custodiar y transmitir informaci\u00f3n y documentaci\u00f3n cl\u00ednica del paciente debe observar el estricto respeto por la dignidad humana y la autonom\u00eda de la voluntad, as\u00ed como el debido resguardo de la intimidad del mismo y la confidencialidad de sus datos sensibles, sin perjuicio de las previsiones contenidas en la Ley N\u00ba 25.326;<\/p>\n\n\n\n<p>d) Confidencialidad. El paciente tiene derecho a que toda persona que participe en la elaboraci\u00f3n o manipulaci\u00f3n de la documentaci\u00f3n cl\u00ednica, o bien tenga acceso al contenido de la misma, guarde la debida reserva, salvo expresa disposici\u00f3n en contrario emanada de autoridad judicial competente o autorizaci\u00f3n del propio paciente;<\/p>\n\n\n\n<p>e) Autonom\u00eda de la voluntad. El paciente tiene derecho a aceptar o rechazar determinadas terapias o procedimientos m\u00e9dicos o biol\u00f3gicos, con o sin expresi\u00f3n de causa, como as\u00ed tambi\u00e9n a revocar posteriormente su manifestaci\u00f3n de la voluntad. <\/p>\n\n\n\n<p><em>Los ni\u00f1os, ni\u00f1as y adolescentes tienen derecho a intervenir en los t\u00e9rminos de la Ley 26.061 a los fines de la toma de decisi\u00f3n sobre terapias o procedimientos m\u00e9dicos o biol\u00f3gicos que involucren su vida o salud.<\/em><\/p>\n\n\n\n<p>En el marco de esta potestad, el paciente que presente una enfermedad irreversible, incurable o se encuentre en estadio terminal, o haya sufrido lesiones que lo coloquen en igual situaci\u00f3n, informado en forma fehaciente, tiene el derecho a manifestar su voluntad en cuanto al rechazo de procedimientos quir\u00fargicos, de reanimaci\u00f3n artificial o al retiro de medidas de soporte vital cuando sean extraordinarias o desproporcionadas en relaci\u00f3n con la perspectiva de mejor\u00eda, o produzcan un sufrimiento desmesurado. Tambi\u00e9n podr\u00e1 rechazar procedimientos de hidrataci\u00f3n o alimentaci\u00f3n cuando los mismos produzcan como \u00fanico efecto la prolongaci\u00f3n en el tiempo de ese estadio terminal irreversible o incurable.<\/p>\n\n\n\n<p>En todos los casos la negativa o el rechazo de los procedimientos mencionados no significar\u00e1 la interrupci\u00f3n de aquellas medidas y acciones para el adecuado control y alivio del sufrimiento del paciente.&nbsp;<em>(Inciso sustituido por art. 1\u00b0 de la&nbsp;<\/em><a href=\"https:\/\/www.argentina.gob.ar\/normativa\/nacional\/ley-26742-2012-197859\" target=\"_blank\" rel=\"noreferrer noopener\">Ley N\u00b0 26.742<\/a><em>&nbsp;B.O. 24\/5\/2012)<\/em><\/p>\n\n\n\n<p>f) Informaci\u00f3n Sanitaria. El paciente tiene derecho a recibir la informaci\u00f3n sanitaria necesaria, vinculada a su salud. El derecho a la informaci\u00f3n sanitaria incluye el de no recibir la mencionada informaci\u00f3n.<\/p>\n\n\n\n<p>g) Interconsulta M\u00e9dica. El paciente tiene derecho a recibir la informaci\u00f3n sanitaria por escrito, a fin de obtener una segunda opini\u00f3n sobre el diagn\u00f3stico, pron\u00f3stico o tratamiento relacionados con su estado de salud.<\/p>\n\n\n\n<p><a href=\"https:\/\/www.argentina.gob.ar\/normativa\/nacional\/ley-26529-160432\/actualizacion\">Texto completo de la norma<\/a><\/p>\n\n\n\n<h4 class=\"wp-block-heading\"><strong>OBLIGACIONES DEL PACIENTE Y SU FAMILIA<\/strong><\/h4>\n\n\n\n<p>Colaborar en las indicaciones diagn\u00f3sticas y terap\u00e9uticas previamente consentidas.<\/p>\n\n\n\n<ul>\n<li>Tratar en forma respetuosa a los trabajadores del establecimiento y a otros pacientes.<\/li>\n\n\n\n<li>Ser cuidadosos en el uso y conservaci\u00f3n de las instalaciones, los materiales y equipos m\u00e9dicos que pongan a su disposici\u00f3n y respetar las normas institucionales.<\/li>\n\n\n\n<li>Prestar informaci\u00f3n veraz sobre datos personales e historial cl\u00ednico.<\/li>\n\n\n\n<li>Firmar documentaci\u00f3n solicitada por el personal de la instituci\u00f3n y el alta voluntaria si correspondiere, en los casos de no aceptaci\u00f3n de las indicaciones diagnostico \u2013 terap\u00e9uticas<\/li>\n\n\n\n<li>Dejar la habitaci\u00f3n lo antes posible luego de haber recibido el alta m\u00e9dica.&nbsp;<\/li>\n<\/ul>\n\n\n\n<p><a href=\"https:\/\/www.sepyn.com.ar\/public_html\/normas-de-convivencia\/\" data-type=\"page\" data-id=\"165\">Normas de Convivencia <\/a><\/p>\n","protected":false},"excerpt":{"rendered":"<p>DERECHOS DEL PACIENTE Derechos del paciente: Constituyen derechos esenciales en la relaci\u00f3n entre el paciente y el o los profesionales de la salud, el o los agentes del seguro de salud, y cualquier efector de que se trate, los siguientes: a) Asistencia. El paciente, prioritariamente los ni\u00f1os, ni\u00f1as y adolescentes, tiene derecho a ser asistido [&hellip;]<\/p>\n","protected":false},"author":1,"featured_media":0,"parent":0,"menu_order":0,"comment_status":"closed","ping_status":"closed","template":"","meta":{"footnotes":""},"_links":{"self":[{"href":"https:\/\/www.sepyn.com.ar\/public_html\/wp-json\/wp\/v2\/pages\/163"}],"collection":[{"href":"https:\/\/www.sepyn.com.ar\/public_html\/wp-json\/wp\/v2\/pages"}],"about":[{"href":"https:\/\/www.sepyn.com.ar\/public_html\/wp-json\/wp\/v2\/types\/page"}],"author":[{"embeddable":true,"href":"https:\/\/www.sepyn.com.ar\/public_html\/wp-json\/wp\/v2\/users\/1"}],"replies":[{"embeddable":true,"href":"https:\/\/www.sepyn.com.ar\/public_html\/wp-json\/wp\/v2\/comments?post=163"}],"version-history":[{"count":6,"href":"https:\/\/www.sepyn.com.ar\/public_html\/wp-json\/wp\/v2\/pages\/163\/revisions"}],"predecessor-version":[{"id":443,"href":"https:\/\/www.sepyn.com.ar\/public_html\/wp-json\/wp\/v2\/pages\/163\/revisions\/443"}],"wp:attachment":[{"href":"https:\/\/www.sepyn.com.ar\/public_html\/wp-json\/wp\/v2\/media?parent=163"}],"curies":[{"name":"wp","href":"https:\/\/api.w.org\/{rel}","templated":true}]}}